Last updated on 2022-04-08 01:48:51 CEST.
Flavor | Version | Tinstall | Tcheck | Ttotal | Status | Flags |
---|---|---|---|---|---|---|
r-devel-linux-x86_64-debian-clang | 1.30.0 | 7.75 | 102.45 | 110.20 | OK | |
r-devel-linux-x86_64-debian-gcc | 1.30.0 | 6.21 | 79.73 | 85.94 | OK | |
r-devel-linux-x86_64-fedora-clang | 1.30.0 | 134.36 | NOTE | |||
r-devel-linux-x86_64-fedora-gcc | 1.30.0 | 120.14 | OK | |||
r-devel-windows-x86_64-new-UL | 1.30.0 | 48.00 | 126.00 | 174.00 | OK | |
r-patched-linux-x86_64 | 1.30.0 | 8.62 | 99.13 | 107.75 | OK | |
r-release-linux-x86_64 | 1.30.0 | 8.01 | 96.30 | 104.31 | OK | |
r-release-macos-arm64 | 1.30.0 | OK | ||||
r-release-macos-x86_64 | 1.30.0 | OK | ||||
r-release-windows-ix86+x86_64 | 1.30.0 | 13.00 | 132.00 | 145.00 | OK | |
r-oldrel-macos-x86_64 | 1.30.0 | OK | ||||
r-oldrel-windows-ix86+x86_64 | 1.30.0 | 13.00 | 131.00 | 144.00 | OK |
Version: 1.30.0
Check: Rd cross-references
Result: NOTE
Undeclared package ‘R2WinBUGS’ in Rd xrefs
Flavor: r-devel-linux-x86_64-fedora-clang