Last updated on 2022-04-08 01:48:51 CEST.
Flavor | Version | Tinstall | Tcheck | Ttotal | Status | Flags |
---|---|---|---|---|---|---|
r-devel-linux-x86_64-debian-clang | 1.0.0 | 401.34 | 193.83 | 595.17 | NOTE | |
r-devel-linux-x86_64-debian-gcc | 1.0.0 | 332.39 | 155.86 | 488.25 | NOTE | |
r-devel-linux-x86_64-fedora-clang | 1.0.0 | 826.24 | NOTE | |||
r-devel-linux-x86_64-fedora-gcc | 1.0.0 | 804.96 | NOTE | |||
r-devel-windows-x86_64-new-UL | 1.0.0 | 278.00 | 255.00 | 533.00 | NOTE | |
r-patched-linux-x86_64 | 1.0.0 | 353.78 | 199.21 | 552.99 | NOTE | |
r-release-linux-x86_64 | 1.0.0 | 262.63 | 191.62 | 454.25 | NOTE | |
r-release-macos-arm64 | 1.0.0 | NOTE | ||||
r-release-macos-x86_64 | 1.0.0 | NOTE | ||||
r-release-windows-ix86+x86_64 | 1.0.0 | 408.00 | 232.00 | 640.00 | NOTE | |
r-oldrel-macos-x86_64 | 1.0.0 | NOTE | ||||
r-oldrel-windows-ix86+x86_64 | 1.0.0 | 413.00 | 227.00 | 640.00 | NOTE |
Version: 1.0.0
Check: for GNU extensions in Makefiles
Result: NOTE
GNU make is a SystemRequirements.
Flavors: r-devel-linux-x86_64-debian-clang, r-devel-linux-x86_64-debian-gcc, r-devel-linux-x86_64-fedora-clang, r-devel-linux-x86_64-fedora-gcc, r-devel-windows-x86_64-new-UL, r-patched-linux-x86_64, r-release-linux-x86_64, r-release-macos-arm64, r-release-macos-x86_64, r-release-windows-ix86+x86_64, r-oldrel-macos-x86_64, r-oldrel-windows-ix86+x86_64
Version: 1.0.0
Check: installed package size
Result: NOTE
installed size is 46.2Mb
sub-directories of 1Mb or more:
libs 45.7Mb
Flavors: r-devel-linux-x86_64-fedora-clang, r-release-macos-arm64, r-release-macos-x86_64, r-oldrel-macos-x86_64