Last updated on 2022-04-08 01:48:50 CEST.
Flavor | Version | Tinstall | Tcheck | Ttotal | Status | Flags |
---|---|---|---|---|---|---|
r-devel-linux-x86_64-debian-clang | 0.7.6 | 10.75 | 112.88 | 123.63 | OK | |
r-devel-linux-x86_64-debian-gcc | 0.7.6 | 8.10 | 84.20 | 92.30 | OK | |
r-devel-linux-x86_64-fedora-clang | 0.7.6 | 146.17 | NOTE | |||
r-devel-linux-x86_64-fedora-gcc | 0.7.6 | 130.14 | NOTE | |||
r-devel-windows-x86_64-new-UL | 0.7.6 | 316.00 | 170.00 | 486.00 | OK | |
r-patched-linux-x86_64 | 0.7.6 | 10.54 | 106.74 | 117.28 | OK | |
r-release-linux-x86_64 | 0.7.6 | 7.25 | 105.36 | 112.61 | OK | |
r-release-macos-arm64 | 0.7.6 | NOTE | ||||
r-release-macos-x86_64 | 0.7.6 | NOTE | ||||
r-release-windows-ix86+x86_64 | 0.7.6 | 33.00 | 190.00 | 223.00 | OK | |
r-oldrel-macos-x86_64 | 0.7.6 | NOTE | ||||
r-oldrel-windows-ix86+x86_64 | 0.7.6 | 32.00 | 187.00 | 219.00 | OK |
Version: 0.7.6
Check: data for non-ASCII characters
Result: NOTE
Note: found 17 marked UTF-8 strings
Flavors: r-devel-linux-x86_64-fedora-clang, r-devel-linux-x86_64-fedora-gcc, r-release-macos-arm64, r-release-macos-x86_64, r-oldrel-macos-x86_64