Last updated on 2022-04-08 01:48:50 CEST.
Flavor | Version | Tinstall | Tcheck | Ttotal | Status | Flags |
---|---|---|---|---|---|---|
r-devel-linux-x86_64-debian-clang | 0.9.8 | 6.60 | 84.55 | 91.15 | NOTE | |
r-devel-linux-x86_64-debian-gcc | 0.9.8 | 6.03 | 64.18 | 70.21 | NOTE | |
r-devel-linux-x86_64-fedora-clang | 0.9.8 | 111.69 | NOTE | |||
r-devel-linux-x86_64-fedora-gcc | 0.9.8 | 100.05 | NOTE | |||
r-devel-windows-x86_64-new-UL | 0.9.8 | 23.00 | 104.00 | 127.00 | NOTE | |
r-patched-linux-x86_64 | 0.9.8 | 7.95 | 79.98 | 87.93 | NOTE | |
r-release-linux-x86_64 | 0.9.8 | 7.99 | 76.26 | 84.25 | NOTE | |
r-release-macos-arm64 | 0.9.8 | NOTE | ||||
r-release-macos-x86_64 | 0.9.8 | NOTE | ||||
r-release-windows-ix86+x86_64 | 0.9.8 | 16.00 | 97.00 | 113.00 | NOTE | |
r-oldrel-macos-x86_64 | 0.9.8 | OK | ||||
r-oldrel-windows-ix86+x86_64 | 0.9.8 | 17.00 | 97.00 | 114.00 | OK |
Version: 0.9.8
Check: LazyData
Result: NOTE
'LazyData' is specified without a 'data' directory
Flavors: r-devel-linux-x86_64-debian-clang, r-devel-linux-x86_64-debian-gcc, r-devel-linux-x86_64-fedora-clang, r-devel-linux-x86_64-fedora-gcc, r-devel-windows-x86_64-new-UL, r-patched-linux-x86_64, r-release-linux-x86_64, r-release-macos-arm64, r-release-macos-x86_64, r-release-windows-ix86+x86_64
Version: 0.9.8
Check: Rd cross-references
Result: NOTE
Undeclared packages ‘dplyr’, ‘plyr’, ‘reshape2’, ‘reshape’ in Rd xrefs
Flavor: r-devel-linux-x86_64-fedora-clang