CRAN Package Check Results for Package MPTinR

Last updated on 2022-04-08 01:48:52 CEST.

Flavor Version Tinstall Tcheck Ttotal Status Flags
r-devel-linux-x86_64-debian-clang 1.14.1 54.37 201.73 256.10 OK
r-devel-linux-x86_64-debian-gcc 1.14.1 46.17 154.25 200.42 OK
r-devel-linux-x86_64-fedora-clang 1.14.1 331.34 NOTE
r-devel-linux-x86_64-fedora-gcc 1.14.1 299.38 OK
r-devel-windows-x86_64-new-UL 1.14.1 60.00 275.00 335.00 OK
r-patched-linux-x86_64 1.14.1 50.27 192.91 243.18 OK
r-release-linux-x86_64 1.14.1 50.85 186.55 237.40 OK
r-release-macos-arm64 1.14.1 NOTE
r-release-macos-x86_64 1.14.1 NOTE
r-release-windows-ix86+x86_64 1.14.1 125.00 278.00 403.00 OK
r-oldrel-macos-x86_64 1.14.1 NOTE
r-oldrel-windows-ix86+x86_64 1.14.1 125.00 272.00 397.00 OK

Check Details

Version: 1.14.1
Check: installed package size
Result: NOTE
     installed size is 9.5Mb
     sub-directories of 1Mb or more:
     libs 8.3Mb
Flavors: r-devel-linux-x86_64-fedora-clang, r-release-macos-arm64, r-release-macos-x86_64, r-oldrel-macos-x86_64