CRAN Package Check Results for Package MPBoost

Last updated on 2022-04-08 01:48:52 CEST.

Flavor Version Tinstall Tcheck Ttotal Status Flags
r-devel-linux-x86_64-debian-clang 0.1-4 27.78 51.91 79.69 WARN
r-devel-linux-x86_64-debian-gcc 0.1-4 21.73 39.57 61.30 OK
r-devel-linux-x86_64-fedora-clang 0.1-4 106.09 WARN
r-devel-linux-x86_64-fedora-gcc 0.1-4 85.39 OK
r-devel-windows-x86_64-new-UL 0.1-4 67.00 134.00 201.00 OK
r-patched-linux-x86_64 0.1-4 21.36 49.59 70.95 OK
r-release-linux-x86_64 0.1-4 24.26 47.47 71.73 OK
r-release-macos-arm64 0.1-4 OK
r-release-macos-x86_64 0.1-4 OK
r-release-windows-ix86+x86_64 0.1-4 65.00 89.00 154.00 OK
r-oldrel-macos-x86_64 0.1-4 OK
r-oldrel-windows-ix86+x86_64 0.1-4 65.00 88.00 153.00 OK

Additional issues

clang14

Check Details

Version: 0.1-4
Check: whether package can be installed
Result: WARN
    Found the following significant warnings:
     mpboost.cpp:88:9: warning: use of bitwise '&' with boolean operands [-Wbitwise-instead-of-logical]
Flavors: r-devel-linux-x86_64-debian-clang, r-devel-linux-x86_64-fedora-clang