Last updated on 2022-04-08 01:48:51 CEST.
Flavor | Version | Tinstall | Tcheck | Ttotal | Status | Flags |
---|---|---|---|---|---|---|
r-devel-linux-x86_64-debian-clang | 2.0.6 | 29.91 | 327.95 | 357.86 | OK | |
r-devel-linux-x86_64-debian-gcc | 2.0.6 | 24.58 | 236.19 | 260.77 | OK | |
r-devel-linux-x86_64-fedora-clang | 2.0.7 | 422.21 | NOTE | |||
r-devel-linux-x86_64-fedora-gcc | 2.0.7 | 434.43 | OK | |||
r-devel-windows-x86_64-new-UL | 2.0.7 | 101.00 | 263.00 | 364.00 | OK | |
r-patched-linux-x86_64 | 2.0.6 | 21.32 | 304.51 | 325.83 | OK | |
r-release-linux-x86_64 | 2.0.7 | 19.49 | 278.86 | 298.35 | OK | |
r-release-macos-arm64 | 2.0.6 | OK | ||||
r-release-macos-x86_64 | 2.0.6 | OK | ||||
r-release-windows-ix86+x86_64 | 2.0.6 | 71.00 | 322.00 | 393.00 | OK | |
r-oldrel-macos-x86_64 | 2.0.6 | OK | ||||
r-oldrel-windows-ix86+x86_64 | 2.0.6 | 74.00 | 325.00 | 399.00 | OK |
Version: 2.0.7
Check: installed package size
Result: NOTE
installed size is 5.1Mb
sub-directories of 1Mb or more:
ExtData 1.9Mb
app 1.3Mb
testdata 1.0Mb
Flavor: r-devel-linux-x86_64-fedora-clang