CRAN Package Check Results for Package MMVBVS

Last updated on 2022-04-08 01:48:51 CEST.

Flavor Version Tinstall Tcheck Ttotal Status Flags
r-devel-linux-x86_64-debian-clang 0.8.0 44.10 69.40 113.50 NOTE
r-devel-linux-x86_64-debian-gcc 0.8.0 37.42 51.61 89.03 NOTE
r-devel-linux-x86_64-fedora-clang 0.8.0 162.50 NOTE
r-devel-linux-x86_64-fedora-gcc 0.8.0 132.78 NOTE
r-devel-windows-x86_64-new-UL 0.8.0 39.00 109.00 148.00 NOTE
r-patched-linux-x86_64 0.8.0 40.16 66.34 106.50 NOTE
r-release-linux-x86_64 0.8.0 37.31 62.66 99.97 NOTE
r-release-macos-arm64 0.8.0 NOTE
r-release-macos-x86_64 0.8.0 NOTE
r-release-windows-ix86+x86_64 0.8.0 107.00 119.00 226.00 NOTE
r-oldrel-macos-x86_64 0.8.0 OK
r-oldrel-windows-ix86+x86_64 0.8.0 108.00 112.00 220.00 OK

Check Details

Version: 0.8.0
Check: LazyData
Result: NOTE
     'LazyData' is specified without a 'data' directory
Flavors: r-devel-linux-x86_64-debian-clang, r-devel-linux-x86_64-debian-gcc, r-devel-linux-x86_64-fedora-clang, r-devel-linux-x86_64-fedora-gcc, r-devel-windows-x86_64-new-UL, r-patched-linux-x86_64, r-release-linux-x86_64, r-release-macos-arm64, r-release-macos-x86_64, r-release-windows-ix86+x86_64