Last updated on 2022-04-08 01:48:51 CEST.
Flavor | Version | Tinstall | Tcheck | Ttotal | Status | Flags |
---|---|---|---|---|---|---|
r-devel-linux-x86_64-debian-clang | 0.1.0 | 2.06 | 29.83 | 31.89 | NOTE | |
r-devel-linux-x86_64-debian-gcc | 0.1.0 | 1.88 | 23.64 | 25.52 | NOTE | |
r-devel-linux-x86_64-fedora-clang | 0.1.0 | 39.14 | NOTE | |||
r-devel-linux-x86_64-fedora-gcc | 0.1.0 | 27.77 | NOTE | |||
r-devel-windows-x86_64-new-UL | 0.1.0 | 7.00 | 44.00 | 51.00 | NOTE | |
r-patched-linux-x86_64 | 0.1.0 | 2.06 | 28.83 | 30.89 | NOTE | |
r-release-linux-x86_64 | 0.1.0 | 1.90 | 28.37 | 30.27 | NOTE | |
r-release-macos-arm64 | 0.1.0 | NOTE | ||||
r-release-macos-x86_64 | 0.1.0 | NOTE | ||||
r-release-windows-ix86+x86_64 | 0.1.0 | 9.00 | 39.00 | 48.00 | NOTE | |
r-oldrel-macos-x86_64 | 0.1.0 | NOTE | ||||
r-oldrel-windows-ix86+x86_64 | 0.1.0 | 8.00 | 36.00 | 44.00 | OK |
Version: 0.1.0
Check: LazyData
Result: NOTE
'LazyData' is specified without a 'data' directory
Flavors: r-devel-linux-x86_64-debian-clang, r-devel-linux-x86_64-debian-gcc, r-devel-linux-x86_64-fedora-clang, r-devel-linux-x86_64-fedora-gcc, r-devel-windows-x86_64-new-UL, r-patched-linux-x86_64, r-release-linux-x86_64, r-release-macos-arm64, r-release-macos-x86_64, r-release-windows-ix86+x86_64
Version: 0.1.0
Check: dependencies in R code
Result: NOTE
Namespaces in Imports field not imported from:
‘DiscriMiner’ ‘MASS’ ‘caret’ ‘datasets’ ‘dplyr’ ‘e1071’ ‘klaR’
‘rhandsontable’ ‘shiny’
All declared Imports should be used.
Flavors: r-devel-linux-x86_64-fedora-clang, r-devel-linux-x86_64-fedora-gcc, r-release-macos-arm64, r-release-macos-x86_64, r-oldrel-macos-x86_64