CRAN Package Check Results for Package MKinfer

Last updated on 2022-04-08 01:48:51 CEST.

Flavor Version Tinstall Tcheck Ttotal Status Flags
r-devel-linux-x86_64-debian-clang 0.6 10.16 145.27 155.43 OK
r-devel-linux-x86_64-debian-gcc 0.6 7.53 106.05 113.58 OK
r-devel-linux-x86_64-fedora-clang 0.6 188.57 NOTE
r-devel-linux-x86_64-fedora-gcc 0.6 167.55 OK
r-devel-windows-x86_64-new-UL 0.6 23.00 156.00 179.00 OK
r-patched-linux-x86_64 0.6 10.34 136.94 147.28 OK
r-release-linux-x86_64 0.6 6.01 129.20 135.21 OK
r-release-macos-arm64 0.6 OK
r-release-macos-x86_64 0.6 OK
r-release-windows-ix86+x86_64 0.6 20.00 156.00 176.00 OK
r-oldrel-macos-x86_64 0.6 OK
r-oldrel-windows-ix86+x86_64 0.6 20.00 152.00 172.00 OK

Check Details

Version: 0.6
Check: Rd cross-references
Result: NOTE
    Undeclared package ‘Hmisc’ in Rd xrefs
Flavor: r-devel-linux-x86_64-fedora-clang