CRAN Package Check Results for Package MHMM

Last updated on 2022-04-08 01:48:51 CEST.

Flavor Version Tinstall Tcheck Ttotal Status Flags
r-devel-linux-x86_64-debian-clang 1.0.0 70.07 83.16 153.23 OK
r-devel-linux-x86_64-debian-gcc 1.0.0 58.93 60.95 119.88 OK
r-devel-linux-x86_64-fedora-clang 1.0.0 210.12 OK
r-devel-linux-x86_64-fedora-gcc 1.0.0 181.81 OK
r-devel-windows-x86_64-new-UL 1.0.0 61.00 129.00 190.00 OK
r-patched-linux-x86_64 1.0.0 61.11 77.47 138.58 OK
r-release-linux-x86_64 1.0.0 65.61 73.53 139.14 OK
r-release-macos-arm64 1.0.0 NOTE
r-release-macos-x86_64 1.0.0 OK
r-release-windows-ix86+x86_64 1.0.0 170.00 145.00 315.00 OK
r-oldrel-macos-x86_64 1.0.0 NOTE
r-oldrel-windows-ix86+x86_64 1.0.0 168.00 142.00 310.00 OK

Additional issues

clang-UBSAN

Check Details

Version: 1.0.0
Check: installed package size
Result: NOTE
     installed size is 5.5Mb
     sub-directories of 1Mb or more:
     libs 5.4Mb
Flavors: r-release-macos-arm64, r-oldrel-macos-x86_64