CRAN Package Check Results for Package MGDrivE

Last updated on 2022-04-08 01:48:51 CEST.

Flavor Version Tinstall Tcheck Ttotal Status Flags
r-devel-linux-x86_64-debian-clang 1.6.0 61.10 350.11 411.21 OK
r-devel-linux-x86_64-debian-gcc 1.6.0 53.06 233.78 286.84 OK
r-devel-linux-x86_64-fedora-clang 1.6.0 505.65 OK
r-devel-linux-x86_64-fedora-gcc 1.6.0 472.41 OK
r-devel-windows-x86_64-new-UL 1.6.0 113.00 388.00 501.00 OK
r-patched-linux-x86_64 1.6.0 57.77 328.65 386.42 OK
r-release-linux-x86_64 1.6.0 53.65 335.83 389.48 OK
r-release-macos-arm64 1.6.0 OK
r-release-macos-x86_64 1.6.0 OK
r-release-windows-ix86+x86_64 1.6.0 125.00 404.00 529.00 NOTE
r-oldrel-macos-x86_64 1.6.0 OK
r-oldrel-windows-ix86+x86_64 1.6.0 125.00 397.00 522.00 NOTE

Check Details

Version: 1.6.0
Check: installed package size
Result: NOTE
     installed size is 5.0Mb
     sub-directories of 1Mb or more:
     doc 2.2Mb
     libs 2.1Mb
Flavors: r-release-windows-ix86+x86_64, r-oldrel-windows-ix86+x86_64