Last updated on 2022-04-08 01:48:51 CEST.
Flavor | Version | Tinstall | Tcheck | Ttotal | Status | Flags |
---|---|---|---|---|---|---|
r-devel-linux-x86_64-debian-clang | 0.4 | 44.15 | 85.62 | 129.77 | OK | |
r-devel-linux-x86_64-debian-gcc | 0.4 | 37.51 | 61.12 | 98.63 | OK | |
r-devel-linux-x86_64-fedora-clang | 0.4 | 164.75 | OK | |||
r-devel-linux-x86_64-fedora-gcc | 0.4 | 152.29 | OK | |||
r-devel-windows-x86_64-new-UL | 0.4 | 61.00 | 125.00 | 186.00 | OK | |
r-patched-linux-x86_64 | 0.4 | 42.05 | 81.03 | 123.08 | OK | |
r-release-linux-x86_64 | 0.4 | 41.39 | 76.52 | 117.91 | OK | |
r-release-macos-arm64 | 0.4 | NOTE | ||||
r-release-macos-x86_64 | 0.4 | NOTE | ||||
r-release-windows-ix86+x86_64 | 0.4 | 101.00 | 142.00 | 243.00 | OK | |
r-oldrel-macos-x86_64 | 0.4 | NOTE | ||||
r-oldrel-windows-ix86+x86_64 | 0.4 | 102.00 | 138.00 | 240.00 | OK |
Version: 0.4
Check: installed package size
Result: NOTE
installed size is 6.6Mb
sub-directories of 1Mb or more:
libs 6.1Mb
Flavors: r-release-macos-arm64, r-release-macos-x86_64, r-oldrel-macos-x86_64