CRAN Package Check Results for Package MCMCprecision

Last updated on 2022-04-08 01:48:51 CEST.

Flavor Version Tinstall Tcheck Ttotal Status Flags
r-devel-linux-x86_64-debian-clang 0.4.0 91.91 85.93 177.84 NOTE
r-devel-linux-x86_64-debian-gcc 0.4.0 85.37 67.66 153.03 NOTE
r-devel-linux-x86_64-fedora-clang 0.4.0 261.59 NOTE
r-devel-linux-x86_64-fedora-gcc 0.4.0 230.55 NOTE
r-devel-windows-x86_64-new-UL 0.4.0 93.00 133.00 226.00 NOTE
r-patched-linux-x86_64 0.4.0 88.90 83.81 172.71 NOTE
r-release-linux-x86_64 0.4.0 84.63 80.89 165.52 NOTE
r-release-macos-arm64 0.4.0 NOTE
r-release-macos-x86_64 0.4.0 NOTE
r-release-windows-ix86+x86_64 0.4.0 215.00 136.00 351.00 NOTE
r-oldrel-macos-x86_64 0.4.0 NOTE
r-oldrel-windows-ix86+x86_64 0.4.0 216.00 138.00 354.00 OK

Check Details

Version: 0.4.0
Check: LazyData
Result: NOTE
     'LazyData' is specified without a 'data' directory
Flavors: r-devel-linux-x86_64-debian-clang, r-devel-linux-x86_64-debian-gcc, r-devel-linux-x86_64-fedora-clang, r-devel-linux-x86_64-fedora-gcc, r-devel-windows-x86_64-new-UL, r-patched-linux-x86_64, r-release-linux-x86_64, r-release-macos-arm64, r-release-macos-x86_64, r-release-windows-ix86+x86_64

Version: 0.4.0
Check: installed package size
Result: NOTE
     installed size is 14.3Mb
     sub-directories of 1Mb or more:
     libs 13.7Mb
Flavors: r-devel-linux-x86_64-fedora-clang, r-release-macos-arm64, r-release-macos-x86_64, r-oldrel-macos-x86_64

Version: 0.4.0
Check: Rd cross-references
Result: NOTE
    Undeclared package ‘coda’ in Rd xrefs
Flavor: r-devel-linux-x86_64-fedora-clang