CRAN Package Check Results for Package MAnorm2

Last updated on 2022-04-08 01:48:50 CEST.

Flavor Version Tinstall Tcheck Ttotal Status Flags
r-devel-linux-x86_64-debian-clang 1.2.0 6.40 340.99 347.39 OK
r-devel-linux-x86_64-debian-gcc 1.2.0 6.66 238.35 245.01 OK
r-devel-linux-x86_64-fedora-clang 1.2.0 413.51 NOTE
r-devel-linux-x86_64-fedora-gcc 1.2.0 402.22 OK
r-devel-windows-x86_64-new-UL 1.2.0 48.00 483.00 531.00 NOTE
r-patched-linux-x86_64 1.2.0 10.58 325.80 336.38 OK
r-release-linux-x86_64 1.2.0 7.03 317.95 324.98 OK
r-release-macos-arm64 1.2.0 NOTE
r-release-macos-x86_64 1.2.0 NOTE
r-release-windows-ix86+x86_64 1.2.0 14.00 397.00 411.00 NOTE
r-oldrel-macos-x86_64 1.2.0 NOTE
r-oldrel-windows-ix86+x86_64 1.2.0 14.00 371.00 385.00 NOTE

Check Details

Version: 1.2.0
Check: installed package size
Result: NOTE
     installed size is 5.3Mb
     sub-directories of 1Mb or more:
     data 1.2Mb
     doc 3.5Mb
Flavors: r-devel-linux-x86_64-fedora-clang, r-devel-windows-x86_64-new-UL, r-release-macos-arm64, r-release-macos-x86_64, r-release-windows-ix86+x86_64, r-oldrel-macos-x86_64, r-oldrel-windows-ix86+x86_64