Last updated on 2022-04-08 01:48:50 CEST.
Flavor | Version | Tinstall | Tcheck | Ttotal | Status | Flags |
---|---|---|---|---|---|---|
r-devel-linux-x86_64-debian-clang | 0.9.19 | 99.95 | 332.15 | 432.10 | OK | |
r-devel-linux-x86_64-debian-gcc | 0.9.19 | 78.12 | 240.87 | 318.99 | OK | |
r-devel-linux-x86_64-fedora-clang | 0.9.19 | 541.54 | NOTE | |||
r-devel-linux-x86_64-fedora-gcc | 0.9.19 | 511.41 | OK | |||
r-devel-windows-x86_64-new-UL | 0.9.19 | 339.00 | 398.00 | 737.00 | NOTE | |
r-patched-linux-x86_64 | 0.9.19 | 103.96 | 313.11 | 417.07 | OK | |
r-release-linux-x86_64 | 0.9.19 | 82.96 | 307.26 | 390.22 | OK | |
r-release-macos-arm64 | 0.9.19 | NOTE | ||||
r-release-macos-x86_64 | 0.9.19 | NOTE | ||||
r-release-windows-ix86+x86_64 | 0.9.19 | 203.00 | 528.00 | 731.00 | NOTE | |
r-oldrel-macos-x86_64 | 0.9.19 | NOTE | ||||
r-oldrel-windows-ix86+x86_64 | 0.9.19 | 200.00 | 527.00 | 727.00 | NOTE |
Version: 0.9.19
Check: installed package size
Result: NOTE
installed size is 5.4Mb
sub-directories of 1Mb or more:
R 1.6Mb
help 1.2Mb
libs 1.4Mb
Flavors: r-devel-linux-x86_64-fedora-clang, r-devel-windows-x86_64-new-UL, r-release-macos-arm64, r-release-macos-x86_64, r-release-windows-ix86+x86_64, r-oldrel-macos-x86_64, r-oldrel-windows-ix86+x86_64