CRAN Package Check Results for Package LncPath

Last updated on 2022-04-08 01:48:50 CEST.

Flavor Version Tinstall Tcheck Ttotal Status Flags
r-devel-linux-x86_64-debian-clang 1.1 4.59 60.49 65.08 NOTE
r-devel-linux-x86_64-debian-gcc 1.1 4.76 47.03 51.79 NOTE
r-devel-linux-x86_64-fedora-clang 1.1 80.89 NOTE
r-devel-linux-x86_64-fedora-gcc 1.1 69.32 NOTE
r-devel-windows-x86_64-new-UL 1.1 30.00 100.00 130.00 OK
r-patched-linux-x86_64 1.1 4.59 58.32 62.91 NOTE
r-release-linux-x86_64 1.1 3.78 55.52 59.30 NOTE
r-release-macos-arm64 1.1 OK
r-release-macos-x86_64 1.1 OK
r-release-windows-ix86+x86_64 1.1 10.00 74.00 84.00 OK
r-oldrel-macos-x86_64 1.1 OK
r-oldrel-windows-ix86+x86_64 1.1 9.00 74.00 83.00 OK

Check Details

Version: 1.1
Check: for non-standard things in the check directory
Result: NOTE
    Found the following files/directories:
     'tTestTable.rda'
Flavors: r-devel-linux-x86_64-debian-clang, r-devel-linux-x86_64-debian-gcc, r-devel-linux-x86_64-fedora-clang, r-devel-linux-x86_64-fedora-gcc, r-patched-linux-x86_64, r-release-linux-x86_64