Last updated on 2022-04-08 01:48:50 CEST.
Flavor | Version | Tinstall | Tcheck | Ttotal | Status | Flags |
---|---|---|---|---|---|---|
r-devel-linux-x86_64-debian-clang | 1.2.1 | 12.75 | 132.45 | 145.20 | OK | |
r-devel-linux-x86_64-debian-gcc | 1.2.1 | 10.18 | 98.04 | 108.22 | OK | |
r-devel-linux-x86_64-fedora-clang | 1.2.1 | 172.26 | NOTE | |||
r-devel-linux-x86_64-fedora-gcc | 1.2.1 | 156.24 | NOTE | |||
r-devel-windows-x86_64-new-UL | 1.2.1 | 22.00 | 144.00 | 166.00 | OK | |
r-patched-linux-x86_64 | 1.2.1 | 11.51 | 124.19 | 135.70 | OK | |
r-release-linux-x86_64 | 1.2.1 | 9.29 | 112.77 | 122.06 | OK | |
r-release-macos-arm64 | 1.2.1 | NOTE | ||||
r-release-macos-x86_64 | 1.2.1 | NOTE | ||||
r-release-windows-ix86+x86_64 | 1.2.1 | 30.00 | 133.00 | 163.00 | OK | |
r-oldrel-macos-x86_64 | 1.2.1 | NOTE | ||||
r-oldrel-windows-ix86+x86_64 | 1.2.1 | 30.00 | 137.00 | 167.00 | OK |
Version: 1.2.1
Check: dependencies in R code
Result: NOTE
Namespaces in Imports field not imported from:
‘SnowballC’ ‘data.table’ ‘e1071’ ‘fastmatch’
All declared Imports should be used.
Flavors: r-devel-linux-x86_64-fedora-clang, r-devel-linux-x86_64-fedora-gcc, r-release-macos-arm64, r-release-macos-x86_64, r-oldrel-macos-x86_64