CRAN Package Check Results for Package LifeInsuranceContracts

Last updated on 2022-04-08 01:48:50 CEST.

Flavor Version Tinstall Tcheck Ttotal Status Flags
r-devel-linux-x86_64-debian-clang 0.0.3 17.71 146.16 163.87 OK
r-devel-linux-x86_64-debian-gcc 0.0.3 12.36 107.56 119.92 OK
r-devel-linux-x86_64-fedora-clang 0.0.3 198.42 NOTE
r-devel-linux-x86_64-fedora-gcc 0.0.3 166.34 NOTE
r-devel-windows-x86_64-new-UL 0.0.3 408.00 166.00 574.00 OK
r-patched-linux-x86_64 0.0.3 23.34 137.13 160.47 OK
r-release-linux-x86_64 0.0.3 14.07 134.32 148.39 OK
r-release-macos-arm64 0.0.3 NOTE
r-release-macos-x86_64 0.0.3 NOTE
r-release-windows-ix86+x86_64 0.0.3 33.00 156.00 189.00 OK
r-oldrel-macos-x86_64 0.0.3 NOTE
r-oldrel-windows-ix86+x86_64 0.0.3 32.00 161.00 193.00 OK

Check Details

Version: 0.0.3
Check: dependencies in R code
Result: NOTE
    Namespaces in Imports field not imported from:
     ‘kableExtra’ ‘pander’
     All declared Imports should be used.
Flavors: r-devel-linux-x86_64-fedora-clang, r-devel-linux-x86_64-fedora-gcc, r-release-macos-arm64, r-release-macos-x86_64, r-oldrel-macos-x86_64