CRAN Package Check Results for Package LPower

Last updated on 2022-04-08 01:48:50 CEST.

Flavor Version Tinstall Tcheck Ttotal Status Flags
r-devel-linux-x86_64-debian-clang 0.1.1 2.65 33.15 35.80 NOTE
r-devel-linux-x86_64-debian-gcc 0.1.1 1.91 25.76 27.67 NOTE
r-devel-linux-x86_64-fedora-clang 0.1.1 43.56 NOTE
r-devel-linux-x86_64-fedora-gcc 0.1.1 32.01 NOTE
r-devel-windows-x86_64-new-UL 0.1.1 11.00 47.00 58.00 NOTE
r-patched-linux-x86_64 0.1.1 2.61 31.71 34.32 NOTE
r-release-linux-x86_64 0.1.1 2.38 31.47 33.85 NOTE
r-release-macos-arm64 0.1.1 NOTE
r-release-macos-x86_64 0.1.1 NOTE
r-release-windows-ix86+x86_64 0.1.1 5.00 39.00 44.00 NOTE
r-oldrel-macos-x86_64 0.1.1 OK
r-oldrel-windows-ix86+x86_64 0.1.1 6.00 38.00 44.00 OK

Check Details

Version: 0.1.1
Check: LazyData
Result: NOTE
     'LazyData' is specified without a 'data' directory
Flavors: r-devel-linux-x86_64-debian-clang, r-devel-linux-x86_64-debian-gcc, r-devel-linux-x86_64-fedora-clang, r-devel-linux-x86_64-fedora-gcc, r-devel-windows-x86_64-new-UL, r-patched-linux-x86_64, r-release-linux-x86_64, r-release-macos-arm64, r-release-macos-x86_64, r-release-windows-ix86+x86_64