CRAN Package Check Results for Package LEANR

Last updated on 2022-04-08 01:48:50 CEST.

Flavor Version Tinstall Tcheck Ttotal Status Flags
r-devel-linux-x86_64-debian-clang 1.4.9 7.68 134.92 142.60 OK
r-devel-linux-x86_64-debian-gcc 1.4.9 7.19 95.82 103.01 OK
r-devel-linux-x86_64-fedora-clang 1.4.9 161.83 OK
r-devel-linux-x86_64-fedora-gcc 1.4.9 150.24 OK
r-devel-windows-x86_64-new-UL 1.4.9 28.00 167.00 195.00 NOTE
r-patched-linux-x86_64 1.4.9 7.96 122.98 130.94 OK
r-release-linux-x86_64 1.4.9 7.04 123.21 130.25 OK
r-release-macos-arm64 1.4.9 OK
r-release-macos-x86_64 1.4.9 OK
r-release-windows-ix86+x86_64 1.4.9 13.00 155.00 168.00 NOTE
r-oldrel-macos-x86_64 1.4.9 OK
r-oldrel-windows-ix86+x86_64 1.4.9 13.00 157.00 170.00 NOTE

Check Details

Version: 1.4.9
Check: package dependencies
Result: NOTE
    Package suggested but not available for checking: 'doMC'
Flavors: r-devel-windows-x86_64-new-UL, r-release-windows-ix86+x86_64, r-oldrel-windows-ix86+x86_64