CRAN Package Check Results for Package L0Learn

Last updated on 2022-04-08 01:48:49 CEST.

Flavor Version Tinstall Tcheck Ttotal Status Flags
r-devel-linux-x86_64-debian-clang 2.0.3 275.52 169.07 444.59 OK
r-devel-linux-x86_64-debian-gcc 2.0.3 215.63 219.21 434.84 OK
r-devel-linux-x86_64-fedora-clang 2.0.3 601.83 NOTE
r-devel-linux-x86_64-fedora-gcc 2.0.3 538.46 OK
r-devel-windows-x86_64-new-UL 2.0.3 184.00 258.00 442.00 OK
r-patched-linux-x86_64 2.0.3 239.28 189.89 429.17 OK
r-release-linux-x86_64 2.0.3 226.04 207.96 434.00 OK
r-release-macos-arm64 2.0.3 NOTE
r-release-macos-x86_64 2.0.3 NOTE
r-release-windows-ix86+x86_64 2.0.3 578.00 281.00 859.00 NOTE
r-oldrel-macos-x86_64 2.0.3 NOTE
r-oldrel-windows-ix86+x86_64 2.0.3 579.00 285.00 864.00 NOTE

Check Details

Version: 2.0.3
Check: installed package size
Result: NOTE
     installed size is 14.1Mb
     sub-directories of 1Mb or more:
     doc 2.4Mb
     libs 11.5Mb
Flavors: r-devel-linux-x86_64-fedora-clang, r-release-macos-arm64, r-release-macos-x86_64, r-release-windows-ix86+x86_64, r-oldrel-macos-x86_64, r-oldrel-windows-ix86+x86_64