CRAN Package Check Results for Package JSM

Last updated on 2022-04-08 01:48:49 CEST.

Flavor Version Tinstall Tcheck Ttotal Status Flags
r-devel-linux-x86_64-debian-clang 1.0.1 266.08 221.99 488.07 OK
r-devel-linux-x86_64-debian-gcc 1.0.1 202.25 158.36 360.61 OK
r-devel-linux-x86_64-fedora-clang 1.0.1 684.29 NOTE
r-devel-linux-x86_64-fedora-gcc 1.0.1 584.43 OK
r-devel-windows-x86_64-new-UL 1.0.1 213.00 261.00 474.00 OK
r-patched-linux-x86_64 1.0.1 217.32 209.71 427.03 OK
r-release-linux-x86_64 1.0.1 218.45 207.69 426.14 OK
r-release-macos-arm64 1.0.1 NOTE
r-release-macos-x86_64 1.0.1 NOTE
r-release-windows-ix86+x86_64 1.0.1 617.00 416.00 1033.00 OK
r-oldrel-macos-x86_64 1.0.1 NOTE
r-oldrel-windows-ix86+x86_64 1.0.1 617.00 417.00 1034.00 OK

Check Details

Version: 1.0.1
Check: installed package size
Result: NOTE
     installed size is 15.2Mb
     sub-directories of 1Mb or more:
     libs 14.7Mb
Flavors: r-devel-linux-x86_64-fedora-clang, r-release-macos-arm64, r-release-macos-x86_64, r-oldrel-macos-x86_64