Last updated on 2022-04-08 01:48:49 CEST.
Flavor | Version | Tinstall | Tcheck | Ttotal | Status | Flags |
---|---|---|---|---|---|---|
r-devel-linux-x86_64-debian-clang | 1.0-24 | 8.92 | 100.78 | 109.70 | OK | |
r-devel-linux-x86_64-debian-gcc | 1.0-24 | 6.68 | 74.38 | 81.06 | OK | |
r-devel-linux-x86_64-fedora-clang | 1.0-24 | 137.42 | NOTE | |||
r-devel-linux-x86_64-fedora-gcc | 1.0-24 | 129.52 | OK | |||
r-devel-windows-x86_64-new-UL | 1.0-24 | 28.00 | 132.00 | 160.00 | OK | |
r-patched-linux-x86_64 | 1.0-24 | 9.42 | 96.31 | 105.73 | OK | |
r-release-linux-x86_64 | 1.0-24 | 8.53 | 92.87 | 101.40 | OK | |
r-release-windows-ix86+x86_64 | 1.0-24 | 14.00 | 108.00 | 122.00 | OK | |
r-oldrel-windows-ix86+x86_64 | 1.0-24 | 14.00 | 108.00 | 122.00 | OK |
Version: 1.0-24
Check: Rd cross-references
Result: NOTE
Undeclared package ‘multtest’ in Rd xrefs
Flavor: r-devel-linux-x86_64-fedora-clang