Last updated on 2022-04-08 01:48:49 CEST.
Flavor | Version | Tinstall | Tcheck | Ttotal | Status | Flags |
---|---|---|---|---|---|---|
r-devel-linux-x86_64-debian-clang | 1.7.8 | 32.98 | 310.21 | 343.19 | OK | |
r-devel-linux-x86_64-debian-gcc | 1.7.8 | 24.66 | 213.05 | 237.71 | OK | |
r-devel-linux-x86_64-fedora-clang | 1.7.8 | 398.65 | NOTE | |||
r-devel-linux-x86_64-fedora-gcc | 1.7.8 | 378.87 | NOTE | |||
r-devel-windows-x86_64-new-UL | 1.7.8 | 80.00 | 298.00 | 378.00 | OK | |
r-patched-linux-x86_64 | 1.7.8 | 36.61 | 289.48 | 326.09 | OK | |
r-release-linux-x86_64 | 1.7.8 | 25.87 | 262.56 | 288.43 | OK | |
r-release-macos-arm64 | 1.7.8 | NOTE | ||||
r-release-macos-x86_64 | 1.7.8 | NOTE | ||||
r-release-windows-ix86+x86_64 | 1.7.8 | 67.00 | 297.00 | 364.00 | OK | |
r-oldrel-macos-x86_64 | 1.7.8 | NOTE | ||||
r-oldrel-windows-ix86+x86_64 | 1.7.8 | 71.00 | 301.00 | 372.00 | OK |
Version: 1.7.8
Check: data for non-ASCII characters
Result: NOTE
Note: found 1 marked UTF-8 string
Flavors: r-devel-linux-x86_64-fedora-clang, r-devel-linux-x86_64-fedora-gcc, r-release-macos-arm64, r-release-macos-x86_64, r-oldrel-macos-x86_64