CRAN Package Check Results for Package HierPortfolios

Last updated on 2022-04-08 01:48:48 CEST.

Flavor Version Tinstall Tcheck Ttotal Status Flags
r-devel-linux-x86_64-debian-clang 0.1.0 1.82 33.20 35.02 OK
r-devel-linux-x86_64-debian-gcc 0.1.0 1.74 26.05 27.79 OK
r-devel-linux-x86_64-fedora-clang 0.1.0 43.79 NOTE
r-devel-linux-x86_64-fedora-gcc 0.1.0 32.90 NOTE
r-devel-windows-x86_64-new-UL 0.1.0 17.00 52.00 69.00 OK
r-patched-linux-x86_64 0.1.0 1.67 32.03 33.70 OK
r-release-linux-x86_64 0.1.0 2.28 31.11 33.39 OK
r-release-macos-arm64 0.1.0 NOTE
r-release-macos-x86_64 0.1.0 NOTE
r-release-windows-ix86+x86_64 0.1.0 6.00 43.00 49.00 OK
r-oldrel-macos-x86_64 0.1.0 NOTE
r-oldrel-windows-ix86+x86_64 0.1.0 6.00 41.00 47.00 OK

Check Details

Version: 0.1.0
Check: dependencies in R code
Result: NOTE
    Namespace in Imports field not imported from: ‘RiskPortfolios’
     All declared Imports should be used.
Flavors: r-devel-linux-x86_64-fedora-clang, r-devel-linux-x86_64-fedora-gcc, r-release-macos-arm64, r-release-macos-x86_64, r-oldrel-macos-x86_64