Last updated on 2022-04-08 01:48:48 CEST.
Flavor | Version | Tinstall | Tcheck | Ttotal | Status | Flags |
---|---|---|---|---|---|---|
r-devel-linux-x86_64-debian-clang | 7.2.3 | 21.25 | 364.63 | 385.88 | NOTE | |
r-devel-linux-x86_64-debian-gcc | 7.2.3 | 22.38 | 262.56 | 284.94 | NOTE | |
r-devel-linux-x86_64-fedora-clang | 7.2.3 | 460.11 | NOTE | |||
r-devel-linux-x86_64-fedora-gcc | 7.2.3 | 465.75 | NOTE | |||
r-devel-windows-x86_64-new-UL | 7.2.3 | 76.00 | 406.00 | 482.00 | OK | |
r-patched-linux-x86_64 | 7.2.3 | 25.28 | 344.09 | 369.37 | OK | |
r-release-linux-x86_64 | 7.2.3 | 23.74 | 347.88 | 371.62 | OK | |
r-release-macos-arm64 | 7.2.3 | NOTE | ||||
r-release-macos-x86_64 | 7.2.3 | NOTE | ||||
r-release-windows-ix86+x86_64 | 7.2.3 | 46.00 | 461.00 | 507.00 | OK | |
r-oldrel-macos-x86_64 | 7.2.3 | NOTE | ||||
r-oldrel-windows-ix86+x86_64 | 7.2.3 | 45.00 | 475.00 | 520.00 | OK |
Version: 7.2.3
Check: Rd files
Result: NOTE
checkRd: (7) file 'haptable.Rd': \item in \value must have non-empty label
checkRd: (7) file 'plot.haplin.Rd': \item in \arguments must have non-empty label
checkRd: (7) file 'plot.haptable.Rd': \item in \arguments must have non-empty label
Flavors: r-devel-linux-x86_64-debian-clang, r-devel-linux-x86_64-debian-gcc, r-devel-linux-x86_64-fedora-clang, r-devel-linux-x86_64-fedora-gcc
Version: 7.2.3
Check: package dependencies
Result: NOTE
Package suggested but not available for checking: ‘Rmpi’
Flavors: r-release-macos-arm64, r-release-macos-x86_64, r-oldrel-macos-x86_64