Last updated on 2022-04-08 01:48:48 CEST.
Flavor | Version | Tinstall | Tcheck | Ttotal | Status | Flags |
---|---|---|---|---|---|---|
r-devel-linux-x86_64-debian-clang | 1.2.2 | 11.27 | 166.92 | 178.19 | OK | |
r-devel-linux-x86_64-debian-gcc | 1.2.2 | 5.78 | 117.66 | 123.44 | OK | |
r-devel-linux-x86_64-fedora-clang | 1.2.2 | 200.22 | NOTE | |||
r-devel-linux-x86_64-fedora-gcc | 1.2.2 | 194.32 | NOTE | |||
r-devel-windows-x86_64-new-UL | 1.2.2 | 54.00 | 183.00 | 237.00 | NOTE | |
r-patched-linux-x86_64 | 1.2.2 | 14.52 | 149.95 | 164.47 | OK | |
r-release-linux-x86_64 | 1.2.2 | 9.31 | 148.34 | 157.65 | OK | |
r-release-macos-arm64 | 1.2.2 | NOTE | ||||
r-release-macos-x86_64 | 1.2.2 | NOTE | ||||
r-release-windows-ix86+x86_64 | 1.2.2 | 23.00 | 182.00 | 205.00 | NOTE | |
r-oldrel-macos-x86_64 | 1.2.2 | NOTE | ||||
r-oldrel-windows-ix86+x86_64 | 1.2.2 | 22.00 | 186.00 | 208.00 | NOTE |
Version: 1.2.2
Check: installed package size
Result: NOTE
installed size is 8.2Mb
sub-directories of 1Mb or more:
HaDeX 4.1Mb
doc 4.0Mb
Flavors: r-devel-linux-x86_64-fedora-clang, r-devel-windows-x86_64-new-UL, r-release-macos-arm64, r-release-macos-x86_64, r-release-windows-ix86+x86_64, r-oldrel-macos-x86_64, r-oldrel-windows-ix86+x86_64
Version: 1.2.2
Check: dependencies in R code
Result: NOTE
Namespaces in Imports field not imported from:
‘DT’ ‘gsubfn’ ‘stringr’
All declared Imports should be used.
Flavors: r-devel-linux-x86_64-fedora-clang, r-devel-linux-x86_64-fedora-gcc, r-release-macos-arm64, r-release-macos-x86_64, r-oldrel-macos-x86_64