CRAN Package Check Results for Package HCTR

Last updated on 2022-04-08 01:48:48 CEST.

Flavor Version Tinstall Tcheck Ttotal Status Flags
r-devel-linux-x86_64-debian-clang 0.1.1 8.95 92.31 101.26 NOTE
r-devel-linux-x86_64-debian-gcc 0.1.1 6.89 69.38 76.27 NOTE
r-devel-linux-x86_64-fedora-clang 0.1.1 119.23 NOTE
r-devel-linux-x86_64-fedora-gcc 0.1.1 109.34 NOTE
r-devel-windows-x86_64-new-UL 0.1.1 17.00 113.00 130.00 NOTE
r-patched-linux-x86_64 0.1.1 8.01 88.33 96.34 NOTE
r-release-linux-x86_64 0.1.1 5.49 84.01 89.50 NOTE
r-release-macos-arm64 0.1.1 NOTE
r-release-macos-x86_64 0.1.1 NOTE
r-release-windows-ix86+x86_64 0.1.1 19.00 98.00 117.00 NOTE
r-oldrel-macos-x86_64 0.1.1 OK
r-oldrel-windows-ix86+x86_64 0.1.1 18.00 97.00 115.00 OK

Check Details

Version: 0.1.1
Check: LazyData
Result: NOTE
     'LazyData' is specified without a 'data' directory
Flavors: r-devel-linux-x86_64-debian-clang, r-devel-linux-x86_64-debian-gcc, r-devel-linux-x86_64-fedora-clang, r-devel-linux-x86_64-fedora-gcc, r-devel-windows-x86_64-new-UL, r-patched-linux-x86_64, r-release-linux-x86_64, r-release-macos-arm64, r-release-macos-x86_64, r-release-windows-ix86+x86_64