CRAN Package Check Results for Package GpGp

Last updated on 2022-04-08 01:48:47 CEST.

Flavor Version Tinstall Tcheck Ttotal Status Flags
r-devel-linux-x86_64-debian-clang 0.4.0 78.39 90.65 169.04 OK
r-devel-linux-x86_64-debian-gcc 0.4.0 63.51 60.01 123.52 OK
r-devel-linux-x86_64-fedora-clang 0.4.0 221.26 NOTE
r-devel-linux-x86_64-fedora-gcc 0.4.0 187.35 OK
r-devel-windows-x86_64-new-UL 0.4.0 79.00 126.00 205.00 OK
r-patched-linux-x86_64 0.4.0 62.44 76.62 139.06 OK
r-release-linux-x86_64 0.4.0 60.03 74.03 134.06 OK
r-release-macos-arm64 0.4.0 NOTE
r-release-macos-x86_64 0.4.0 NOTE
r-release-windows-ix86+x86_64 0.4.0 162.00 150.00 312.00 OK
r-oldrel-macos-x86_64 0.4.0 NOTE
r-oldrel-windows-ix86+x86_64 0.4.0 162.00 146.00 308.00 OK

Check Details

Version: 0.4.0
Check: installed package size
Result: NOTE
     installed size is 6.2Mb
     sub-directories of 1Mb or more:
     data 1.4Mb
     libs 4.4Mb
Flavors: r-devel-linux-x86_64-fedora-clang, r-release-macos-arm64, r-release-macos-x86_64, r-oldrel-macos-x86_64