CRAN Package Check Results for Package GmAMisc

Last updated on 2022-04-08 01:48:47 CEST.

Flavor Version Tinstall Tcheck Ttotal Status Flags
r-devel-linux-x86_64-debian-clang 1.2.1 46.68 461.09 507.77 OK
r-devel-linux-x86_64-debian-gcc 1.2.1 39.08 335.32 374.40 OK
r-devel-linux-x86_64-fedora-clang 1.2.1 597.81 NOTE
r-devel-linux-x86_64-fedora-gcc 1.2.1 583.82 OK
r-devel-windows-x86_64-new-UL 1.2.1 67.00 464.00 531.00 OK
r-patched-linux-x86_64 1.2.1 40.56 440.54 481.10 OK
r-release-linux-x86_64 1.2.1 38.37 403.54 441.91 OK
r-release-macos-arm64 1.2.1 OK
r-release-macos-x86_64 1.2.1 OK
r-release-windows-ix86+x86_64 1.2.1 111.00 498.00 609.00 OK
r-oldrel-macos-x86_64 1.2.1 OK
r-oldrel-windows-ix86+x86_64 1.2.1 112.00 490.00 602.00 OK

Check Details

Version: 1.2.1
Check: package dependencies
Result: NOTE
    Imports includes 24 non-default packages.
    Importing from so many packages makes the package vulnerable to any of
    them becoming unavailable. Move as many as possible to Suggests and
    use conditionally.
Flavor: r-devel-linux-x86_64-fedora-clang