Last updated on 2022-04-08 01:48:47 CEST.
Flavor | Version | Tinstall | Tcheck | Ttotal | Status | Flags |
---|---|---|---|---|---|---|
r-devel-linux-x86_64-debian-clang | 0.9.1 | 4.43 | 45.39 | 49.82 | OK | |
r-devel-linux-x86_64-debian-gcc | 0.9.1 | 2.99 | 34.77 | 37.76 | OK | |
r-devel-linux-x86_64-fedora-clang | 0.9.1 | 59.86 | NOTE | |||
r-devel-linux-x86_64-fedora-gcc | 0.9.1 | 48.36 | NOTE | |||
r-devel-windows-x86_64-new-UL | 0.9.1 | 33.00 | 62.00 | 95.00 | OK | |
r-patched-linux-x86_64 | 0.9.1 | 4.21 | 43.28 | 47.49 | OK | |
r-release-linux-x86_64 | 0.9.1 | 4.06 | 43.00 | 47.06 | OK | |
r-release-macos-arm64 | 0.9.1 | NOTE | ||||
r-release-macos-x86_64 | 0.9.1 | NOTE | ||||
r-release-windows-ix86+x86_64 | 0.9.1 | 12.00 | 53.00 | 65.00 | OK | |
r-oldrel-macos-x86_64 | 0.9.1 | NOTE | ||||
r-oldrel-windows-ix86+x86_64 | 0.9.1 | 13.00 | 54.00 | 67.00 | OK |
Version: 0.9.1
Check: dependencies in R code
Result: NOTE
Namespaces in Imports field not imported from:
‘DT’ ‘GWmodel’ ‘beepr’ ‘cartography’ ‘dplyr’ ‘raster’ ‘readxl’
‘shinyBS’ ‘shinyWidgets’ ‘shinyalert’ ‘shinybusy’ ‘shinyjs’ ‘sp’
All declared Imports should be used.
Flavors: r-devel-linux-x86_64-fedora-clang, r-devel-linux-x86_64-fedora-gcc, r-release-macos-arm64, r-release-macos-x86_64, r-oldrel-macos-x86_64