CRAN Package Check Results for Package GenAlgo

Last updated on 2022-04-08 01:48:47 CEST.

Flavor Version Tinstall Tcheck Ttotal Status Flags
r-devel-linux-x86_64-debian-clang 2.2.0 3.25 52.32 55.57 OK
r-devel-linux-x86_64-debian-gcc 2.2.0 2.59 40.50 43.09 OK
r-devel-linux-x86_64-fedora-clang 2.2.0 70.10 NOTE
r-devel-linux-x86_64-fedora-gcc 2.2.0 59.68 NOTE
r-devel-windows-x86_64-new-UL 2.2.0 18.00 84.00 102.00 OK
r-patched-linux-x86_64 2.2.0 3.46 49.88 53.34 OK
r-release-linux-x86_64 2.2.0 2.43 49.57 52.00 OK
r-release-macos-arm64 2.2.0 NOTE
r-release-macos-x86_64 2.2.0 NOTE
r-release-windows-ix86+x86_64 2.2.0 8.00 69.00 77.00 OK
r-oldrel-macos-x86_64 2.2.0 NOTE
r-oldrel-windows-ix86+x86_64 2.2.0 7.00 73.00 80.00 OK

Check Details

Version: 2.2.0
Check: data for non-ASCII characters
Result: NOTE
     Note: found 17 marked UTF-8 strings
Flavors: r-devel-linux-x86_64-fedora-clang, r-devel-linux-x86_64-fedora-gcc, r-release-macos-arm64, r-release-macos-x86_64, r-oldrel-macos-x86_64