CRAN Package Check Results for Package GeNetIt

Last updated on 2022-04-08 01:48:47 CEST.

Flavor Version Tinstall Tcheck Ttotal Status Flags
r-devel-linux-x86_64-debian-clang 0.1-4 4.81 66.59 71.40 OK
r-devel-linux-x86_64-debian-gcc 0.1-4 4.17 50.03 54.20 OK
r-devel-linux-x86_64-fedora-clang 0.1-4 84.92 NOTE
r-devel-linux-x86_64-fedora-gcc 0.1-4 78.26 NOTE
r-devel-windows-x86_64-new-UL 0.1-4 22.00 81.00 103.00 OK
r-patched-linux-x86_64 0.1-4 5.23 64.15 69.38 OK
r-release-linux-x86_64 0.1-4 4.35 59.50 63.85 OK
r-release-macos-arm64 0.1-4 NOTE
r-release-macos-x86_64 0.1-4 NOTE
r-release-windows-ix86+x86_64 0.1-4 10.00 76.00 86.00 OK
r-oldrel-macos-x86_64 0.1-4 NOTE
r-oldrel-windows-ix86+x86_64 0.1-4 10.00 76.00 86.00 OK

Check Details

Version: 0.1-4
Check: dependencies in R code
Result: NOTE
    Namespace in Imports field not imported from: ‘rgeos’
     All declared Imports should be used.
Flavors: r-devel-linux-x86_64-fedora-clang, r-devel-linux-x86_64-fedora-gcc, r-release-macos-arm64, r-release-macos-x86_64, r-oldrel-macos-x86_64