CRAN Package Check Results for Package GWEX

Last updated on 2022-04-08 01:48:48 CEST.

Flavor Version Tinstall Tcheck Ttotal Status Flags
r-devel-linux-x86_64-debian-clang 1.0.2 6.19 50.60 56.79 OK
r-devel-linux-x86_64-debian-gcc 1.0.2 4.93 37.89 42.82 OK
r-devel-linux-x86_64-fedora-clang 1.0.2 68.08 NOTE
r-devel-linux-x86_64-fedora-gcc 1.0.2 56.09 NOTE
r-devel-windows-x86_64-new-UL 1.0.2 29.00 91.00 120.00 OK
r-patched-linux-x86_64 1.0.2 7.08 47.56 54.64 OK
r-release-linux-x86_64 1.0.2 7.03 46.58 53.61 OK
r-release-macos-arm64 1.0.2 OK
r-release-macos-x86_64 1.0.2 OK
r-release-windows-ix86+x86_64 1.0.2 19.00 85.00 104.00 OK
r-oldrel-macos-x86_64 1.0.2 OK
r-oldrel-windows-ix86+x86_64 1.0.2 18.00 88.00 106.00 OK

Check Details

Version: 1.0.2
Check: compiled code
Result: NOTE
    File ‘GWEX/libs/GWEX.so’:
     Found no calls to: ‘R_registerRoutines’, ‘R_useDynamicSymbols’
    
    It is good practice to register native routines and to disable symbol
    search.
    
    See ‘Writing portable packages’ in the ‘Writing R Extensions’ manual.
Flavors: r-devel-linux-x86_64-fedora-clang, r-devel-linux-x86_64-fedora-gcc