Last updated on 2022-04-08 01:48:47 CEST.
Flavor | Version | Tinstall | Tcheck | Ttotal | Status | Flags |
---|---|---|---|---|---|---|
r-devel-linux-x86_64-debian-clang | 0.2.0 | 13.35 | 178.09 | 191.44 | OK | |
r-devel-linux-x86_64-debian-gcc | 0.2.0 | 9.34 | 125.81 | 135.15 | OK | |
r-devel-linux-x86_64-fedora-clang | 0.2.0 | 219.74 | NOTE | |||
r-devel-linux-x86_64-fedora-gcc | 0.2.0 | 208.89 | NOTE | |||
r-devel-windows-x86_64-new-UL | 0.2.0 | 30.00 | 256.00 | 286.00 | OK | |
r-patched-linux-x86_64 | 0.2.0 | 12.21 | 166.00 | 178.21 | OK | |
r-release-linux-x86_64 | 0.2.0 | 12.56 | 164.32 | 176.88 | OK | |
r-release-macos-arm64 | 0.2.0 | NOTE | ||||
r-release-macos-x86_64 | 0.2.0 | NOTE | ||||
r-release-windows-ix86+x86_64 | 0.2.0 | 23.00 | 313.00 | 336.00 | OK | |
r-oldrel-macos-x86_64 | 0.2.0 | NOTE | ||||
r-oldrel-windows-ix86+x86_64 | 0.2.0 | 23.00 | 316.00 | 339.00 | OK |
Version: 0.2.0
Check: dependencies in R code
Result: NOTE
Namespace in Imports field not imported from: ‘mclust’
All declared Imports should be used.
Flavors: r-devel-linux-x86_64-fedora-clang, r-devel-linux-x86_64-fedora-gcc, r-release-macos-arm64, r-release-macos-x86_64, r-oldrel-macos-x86_64