CRAN Package Check Results for Package GPBayes

Last updated on 2022-04-08 01:48:47 CEST.

Flavor Version Tinstall Tcheck Ttotal Status Flags
r-devel-linux-x86_64-debian-clang 0.1.0-3 229.53 52.81 282.34 OK
r-devel-linux-x86_64-debian-gcc 0.1.0-3 184.62 43.70 228.32 OK
r-devel-linux-x86_64-fedora-clang 0.1.0-3 407.37 NOTE
r-devel-linux-x86_64-fedora-gcc 0.1.0-3 349.01 OK
r-devel-windows-x86_64-new-UL 0.1.0-3 124.00 100.00 224.00 OK
r-patched-linux-x86_64 0.1.0-3 177.87 54.68 232.55 OK
r-release-linux-x86_64 0.1.0-3 174.28 52.91 227.19 OK
r-release-macos-arm64 0.1.0-3 NOTE
r-release-macos-x86_64 0.1.0-3 NOTE
r-release-windows-ix86+x86_64 0.1.0-3 361.00 96.00 457.00 OK
r-oldrel-macos-x86_64 0.1.0-3 NOTE
r-oldrel-windows-ix86+x86_64 0.1.0-3 361.00 93.00 454.00 OK

Check Details

Version: 0.1.0-3
Check: installed package size
Result: NOTE
     installed size is 26.5Mb
     sub-directories of 1Mb or more:
     libs 26.1Mb
Flavors: r-devel-linux-x86_64-fedora-clang, r-release-macos-arm64, r-release-macos-x86_64, r-oldrel-macos-x86_64