CRAN Package Check Results for Package GMPro

Last updated on 2022-04-08 01:48:47 CEST.

Flavor Version Tinstall Tcheck Ttotal Status Flags
r-devel-linux-x86_64-debian-clang 0.1.0 4.00 74.28 78.28 NOTE
r-devel-linux-x86_64-debian-gcc 0.1.0 3.34 55.07 58.41 NOTE
r-devel-linux-x86_64-fedora-clang 0.1.0 93.76 NOTE
r-devel-linux-x86_64-fedora-gcc 0.1.0 81.61 NOTE
r-devel-windows-x86_64-new-UL 0.1.0 12.00 94.00 106.00 NOTE
r-patched-linux-x86_64 0.1.0 4.27 70.52 74.79 NOTE
r-release-linux-x86_64 0.1.0 2.94 67.48 70.42 NOTE
r-release-macos-arm64 0.1.0 NOTE
r-release-macos-x86_64 0.1.0 NOTE
r-release-windows-ix86+x86_64 0.1.0 9.00 82.00 91.00 NOTE
r-oldrel-macos-x86_64 0.1.0 OK
r-oldrel-windows-ix86+x86_64 0.1.0 9.00 86.00 95.00 OK

Check Details

Version: 0.1.0
Check: LazyData
Result: NOTE
     'LazyData' is specified without a 'data' directory
Flavors: r-devel-linux-x86_64-debian-clang, r-devel-linux-x86_64-debian-gcc, r-devel-linux-x86_64-fedora-clang, r-devel-linux-x86_64-fedora-gcc, r-devel-windows-x86_64-new-UL, r-patched-linux-x86_64, r-release-linux-x86_64, r-release-macos-arm64, r-release-macos-x86_64, r-release-windows-ix86+x86_64