Last updated on 2022-04-08 01:48:47 CEST.
Flavor | Version | Tinstall | Tcheck | Ttotal | Status | Flags |
---|---|---|---|---|---|---|
r-devel-linux-x86_64-debian-clang | 0.3.3 | 5.98 | 84.64 | 90.62 | NOTE | |
r-devel-linux-x86_64-debian-gcc | 0.3.3 | 5.50 | 63.99 | 69.49 | NOTE | |
r-devel-linux-x86_64-fedora-clang | 0.3.3 | 118.17 | NOTE | |||
r-devel-linux-x86_64-fedora-gcc | 0.3.3 | 97.03 | NOTE | |||
r-devel-windows-x86_64-new-UL | 0.3.3 | 26.00 | 109.00 | 135.00 | OK | |
r-patched-linux-x86_64 | 0.3.3 | 5.90 | 82.21 | 88.11 | NOTE | |
r-release-linux-x86_64 | 0.3.3 | 5.53 | 78.37 | 83.90 | NOTE | |
r-release-macos-arm64 | 0.3.3 | NOTE | ||||
r-release-macos-x86_64 | 0.3.3 | OK | ||||
r-release-windows-ix86+x86_64 | 0.3.3 | 15.00 | 93.00 | 108.00 | OK | |
r-oldrel-macos-x86_64 | 0.3.3 | OK | ||||
r-oldrel-windows-ix86+x86_64 | 0.3.3 | 16.00 | 96.00 | 112.00 | OK |
Version: 0.3.3
Check: package dependencies
Result: NOTE
Package suggested but not available for checking: 'RGtk2'
Flavors: r-devel-linux-x86_64-debian-clang, r-devel-linux-x86_64-debian-gcc, r-devel-linux-x86_64-fedora-clang, r-devel-linux-x86_64-fedora-gcc, r-patched-linux-x86_64, r-release-linux-x86_64, r-release-macos-arm64