Last updated on 2022-04-08 01:48:47 CEST.
Flavor | Version | Tinstall | Tcheck | Ttotal | Status | Flags |
---|---|---|---|---|---|---|
r-devel-linux-x86_64-debian-clang | 0.3.1 | 14.20 | 120.83 | 135.03 | OK | |
r-devel-linux-x86_64-debian-gcc | 0.3.1 | 8.70 | 88.39 | 97.09 | OK | |
r-devel-linux-x86_64-fedora-clang | 0.3.1 | 171.88 | NOTE | |||
r-devel-linux-x86_64-fedora-gcc | 0.3.1 | 143.43 | NOTE | |||
r-devel-windows-x86_64-new-UL | 0.3.1 | 32.00 | 133.00 | 165.00 | OK | |
r-patched-linux-x86_64 | 0.3.1 | 10.18 | 113.59 | 123.77 | OK | |
r-release-linux-x86_64 | 0.3.1 | 7.64 | 109.83 | 117.47 | OK | |
r-release-macos-arm64 | 0.3.1 | NOTE | ||||
r-release-macos-x86_64 | 0.3.1 | NOTE | ||||
r-release-windows-ix86+x86_64 | 0.3.1 | 24.00 | 124.00 | 148.00 | OK | |
r-oldrel-macos-x86_64 | 0.3.1 | NOTE | ||||
r-oldrel-windows-ix86+x86_64 | 0.3.1 | 24.00 | 127.00 | 151.00 | OK |
Version: 0.3.1
Check: dependencies in R code
Result: NOTE
Namespace in Imports field not imported from: ‘survAUC’
All declared Imports should be used.
Flavors: r-devel-linux-x86_64-fedora-clang, r-devel-linux-x86_64-fedora-gcc, r-release-macos-arm64, r-release-macos-x86_64, r-oldrel-macos-x86_64