CRAN Package Check Results for Package FourWayHMM

Last updated on 2022-04-08 01:48:46 CEST.

Flavor Version Tinstall Tcheck Ttotal Status Flags
r-devel-linux-x86_64-debian-clang 1.0.0 3.44 40.73 44.17 OK
r-devel-linux-x86_64-debian-gcc 1.0.0 3.22 30.52 33.74 OK
r-devel-linux-x86_64-fedora-clang 1.0.0 56.79 NOTE
r-devel-linux-x86_64-fedora-gcc 1.0.0 41.13 NOTE
r-devel-windows-x86_64-new-UL 1.0.0 9.00 57.00 66.00 OK
r-patched-linux-x86_64 1.0.0 4.34 38.94 43.28 OK
r-release-linux-x86_64 1.0.0 3.08 36.96 40.04 OK
r-release-macos-arm64 1.0.0 NOTE
r-release-macos-x86_64 1.0.0 NOTE
r-release-windows-ix86+x86_64 1.0.0 8.00 48.00 56.00 OK
r-oldrel-macos-x86_64 1.0.0 NOTE
r-oldrel-windows-ix86+x86_64 1.0.0 7.00 47.00 54.00 OK

Check Details

Version: 1.0.0
Check: dependencies in R code
Result: NOTE
    Namespace in Imports field not imported from: ‘LaplacesDemon’
     All declared Imports should be used.
Flavors: r-devel-linux-x86_64-fedora-clang, r-devel-linux-x86_64-fedora-gcc, r-release-macos-arm64, r-release-macos-x86_64, r-oldrel-macos-x86_64