CRAN Package Check Results for Package ForestGapR

Last updated on 2022-04-08 01:48:46 CEST.

Flavor Version Tinstall Tcheck Ttotal Status Flags
r-devel-linux-x86_64-debian-clang 0.1.6 1.92 81.78 83.70 OK
r-devel-linux-x86_64-debian-gcc 0.1.6 1.41 59.64 61.05 OK
r-devel-linux-x86_64-fedora-clang 0.1.6 105.17 NOTE
r-devel-linux-x86_64-fedora-gcc 0.1.6 85.71 NOTE
r-devel-windows-x86_64-new-UL 0.1.6 15.00 98.00 113.00 OK
r-patched-linux-x86_64 0.1.6 2.66 75.98 78.64 OK
r-release-linux-x86_64 0.1.6 2.20 72.33 74.53 OK
r-release-macos-arm64 0.1.6 NOTE
r-release-macos-x86_64 0.1.6 NOTE
r-release-windows-ix86+x86_64 0.1.6 6.00 94.00 100.00 OK
r-oldrel-macos-x86_64 0.1.6 NOTE
r-oldrel-windows-ix86+x86_64 0.1.6 8.00 96.00 104.00 OK

Check Details

Version: 0.1.6
Check: dependencies in R code
Result: NOTE
    Namespaces in Imports field not imported from:
     ‘igraph’ ‘rgeos’ ‘viridis’
     All declared Imports should be used.
Flavors: r-devel-linux-x86_64-fedora-clang, r-devel-linux-x86_64-fedora-gcc, r-release-macos-arm64, r-release-macos-x86_64, r-oldrel-macos-x86_64

Version: 0.1.6
Check: Rd cross-references
Result: NOTE
    Undeclared package ‘rgdal’ in Rd xrefs
Flavor: r-devel-linux-x86_64-fedora-clang