Last updated on 2022-04-08 01:48:46 CEST.
Flavor | Version | Tinstall | Tcheck | Ttotal | Status | Flags |
---|---|---|---|---|---|---|
r-devel-linux-x86_64-debian-clang | 1.0.1 | 9.45 | 124.79 | 134.24 | NOTE | |
r-devel-linux-x86_64-debian-gcc | 1.0.1 | 7.66 | 91.44 | 99.10 | NOTE | |
r-devel-linux-x86_64-fedora-clang | 1.0.1 | 171.16 | NOTE | |||
r-devel-linux-x86_64-fedora-gcc | 1.0.1 | 143.56 | NOTE | |||
r-devel-windows-x86_64-new-UL | 1.0.1 | 20.00 | 136.00 | 156.00 | NOTE | |
r-patched-linux-x86_64 | 1.0.1 | 9.57 | 116.45 | 126.02 | NOTE | |
r-release-linux-x86_64 | 1.0.1 | 5.75 | 88.48 | 94.23 | NOTE | |
r-release-macos-arm64 | 1.0.1 | NOTE | ||||
r-release-macos-x86_64 | 1.0.1 | NOTE | ||||
r-release-windows-ix86+x86_64 | 1.0.1 | 23.00 | 108.00 | 131.00 | NOTE | |
r-oldrel-macos-x86_64 | 1.0.1 | NOTE | ||||
r-oldrel-windows-ix86+x86_64 | 1.0.1 | 24.00 | 111.00 | 135.00 | OK |
Version: 1.0.1
Check: LazyData
Result: NOTE
'LazyData' is specified without a 'data' directory
Flavors: r-devel-linux-x86_64-debian-clang, r-devel-linux-x86_64-debian-gcc, r-devel-linux-x86_64-fedora-clang, r-devel-linux-x86_64-fedora-gcc, r-devel-windows-x86_64-new-UL, r-patched-linux-x86_64, r-release-linux-x86_64, r-release-macos-arm64, r-release-macos-x86_64, r-release-windows-ix86+x86_64
Version: 1.0.1
Check: dependencies in R code
Result: NOTE
Namespace in Imports field not imported from: ‘decomposedPSF’
All declared Imports should be used.
Flavors: r-devel-linux-x86_64-fedora-clang, r-devel-linux-x86_64-fedora-gcc, r-release-macos-arm64, r-release-macos-x86_64, r-oldrel-macos-x86_64