Last updated on 2022-04-08 01:48:46 CEST.
Flavor | Version | Tinstall | Tcheck | Ttotal | Status | Flags |
---|---|---|---|---|---|---|
r-devel-linux-x86_64-debian-clang | 1.0.3 | 4.10 | 46.10 | 50.20 | NOTE | |
r-devel-linux-x86_64-debian-gcc | 1.0.3 | 2.90 | 36.21 | 39.11 | NOTE | |
r-devel-linux-x86_64-fedora-clang | 1.0.3 | 64.07 | NOTE | |||
r-devel-linux-x86_64-fedora-gcc | 1.0.3 | 49.76 | NOTE | |||
r-devel-windows-x86_64-new-UL | 1.0.3 | 17.00 | 66.00 | 83.00 | NOTE | |
r-patched-linux-x86_64 | 1.0.3 | 3.41 | 44.74 | 48.15 | NOTE | |
r-release-linux-x86_64 | 1.0.3 | 3.79 | 44.06 | 47.85 | NOTE | |
r-release-macos-arm64 | 1.0.3 | NOTE | ||||
r-release-macos-x86_64 | 1.0.3 | NOTE | ||||
r-release-windows-ix86+x86_64 | 1.0.3 | 8.00 | 59.00 | 67.00 | NOTE | |
r-oldrel-macos-x86_64 | 1.0.3 | NOTE | ||||
r-oldrel-windows-ix86+x86_64 | 1.0.3 | 9.00 | 56.00 | 65.00 | NOTE |
Version: 1.0.3
Check: DESCRIPTION meta-information
Result: NOTE
Malformed Description field: should contain one or more complete sentences.
Flavors: r-devel-linux-x86_64-debian-clang, r-devel-linux-x86_64-debian-gcc, r-devel-linux-x86_64-fedora-clang, r-devel-linux-x86_64-fedora-gcc, r-devel-windows-x86_64-new-UL, r-patched-linux-x86_64, r-release-linux-x86_64, r-release-macos-arm64, r-release-macos-x86_64, r-release-windows-ix86+x86_64, r-oldrel-macos-x86_64, r-oldrel-windows-ix86+x86_64
Version: 1.0.3
Check: R code for possible problems
Result: NOTE
ForImp: no visible global function definition for 'head'
ForImp: no visible global function definition for 'tail'
ForImp: no visible global function definition for 'dist'
medianimp: no visible global function definition for 'quantile'
rancatmat: no visible global function definition for 'runif'
transfmatcat: no visible global function definition for 'qnorm'
transfmatcat: no visible global function definition for 'sd'
Undefined global functions or variables:
dist head qnorm quantile runif sd tail
Consider adding
importFrom("stats", "dist", "qnorm", "quantile", "runif", "sd")
importFrom("utils", "head", "tail")
to your NAMESPACE file.
Flavors: r-devel-linux-x86_64-debian-clang, r-devel-linux-x86_64-debian-gcc, r-devel-linux-x86_64-fedora-clang, r-devel-linux-x86_64-fedora-gcc, r-devel-windows-x86_64-new-UL, r-patched-linux-x86_64, r-release-linux-x86_64, r-release-macos-arm64, r-release-macos-x86_64, r-release-windows-ix86+x86_64, r-oldrel-macos-x86_64, r-oldrel-windows-ix86+x86_64