Last updated on 2022-04-08 01:48:46 CEST.
Flavor | Version | Tinstall | Tcheck | Ttotal | Status | Flags |
---|---|---|---|---|---|---|
r-devel-linux-x86_64-debian-clang | 1.1.0 | 22.31 | 129.57 | 151.88 | OK | |
r-devel-linux-x86_64-debian-gcc | 1.1.0 | 17.55 | 93.99 | 111.54 | OK | |
r-devel-linux-x86_64-fedora-clang | 1.1.0 | 190.39 | NOTE | |||
r-devel-linux-x86_64-fedora-gcc | 1.1.0 | 162.53 | OK | |||
r-devel-windows-x86_64-new-UL | 1.1.0 | 58.00 | 140.00 | 198.00 | NOTE | |
r-patched-linux-x86_64 | 1.1.0 | 25.52 | 122.53 | 148.05 | OK | |
r-release-linux-x86_64 | 1.1.0 | 16.97 | 116.26 | 133.23 | OK | |
r-release-macos-arm64 | 1.1.0 | NOTE | ||||
r-release-macos-x86_64 | 1.1.0 | NOTE | ||||
r-release-windows-ix86+x86_64 | 1.1.0 | 36.00 | 125.00 | 161.00 | NOTE | |
r-oldrel-macos-x86_64 | 1.1.0 | NOTE | ||||
r-oldrel-windows-ix86+x86_64 | 1.1.0 | 36.00 | 127.00 | 163.00 | NOTE |
Version: 1.1.0
Check: installed package size
Result: NOTE
installed size is 5.6Mb
sub-directories of 1Mb or more:
data 1.4Mb
extdata 3.8Mb
Flavors: r-devel-linux-x86_64-fedora-clang, r-devel-windows-x86_64-new-UL, r-release-macos-arm64, r-release-macos-x86_64, r-release-windows-ix86+x86_64, r-oldrel-macos-x86_64, r-oldrel-windows-ix86+x86_64