CRAN Package Check Results for Package FielDHub

Last updated on 2022-04-08 01:48:46 CEST.

Flavor Version Tinstall Tcheck Ttotal Status Flags
r-devel-linux-x86_64-debian-clang 0.1.0 25.22 185.65 210.87 OK
r-devel-linux-x86_64-debian-gcc 0.1.0 17.35 131.48 148.83 OK
r-devel-linux-x86_64-fedora-clang 0.1.0 254.29 NOTE
r-devel-linux-x86_64-fedora-gcc 0.1.0 227.08 NOTE
r-devel-windows-x86_64-new-UL 0.1.0 60.00 181.00 241.00 OK
r-patched-linux-x86_64 0.1.0 16.97 171.44 188.41 OK
r-release-linux-x86_64 0.1.0 15.39 169.20 184.59 OK
r-release-macos-arm64 0.1.0 NOTE
r-release-macos-x86_64 0.1.0 NOTE
r-release-windows-ix86+x86_64 0.1.0 44.00 185.00 229.00 OK
r-oldrel-macos-x86_64 0.1.0 NOTE
r-oldrel-windows-ix86+x86_64 0.1.0 43.00 184.00 227.00 OK

Check Details

Version: 0.1.0
Check: dependencies in R code
Result: NOTE
    Namespaces in Imports field not imported from:
     ‘attempt’ ‘glue’
     All declared Imports should be used.
Flavors: r-devel-linux-x86_64-fedora-clang, r-devel-linux-x86_64-fedora-gcc, r-release-macos-arm64, r-release-macos-x86_64, r-oldrel-macos-x86_64