CRAN Package Check Results for Package FastSF

Last updated on 2022-04-08 01:48:45 CEST.

Flavor Version Tinstall Tcheck Ttotal Status Flags
r-devel-linux-x86_64-debian-clang 0.1.1 82.05 43.02 125.07 NOTE
r-devel-linux-x86_64-debian-gcc 0.1.1 67.94 33.33 101.27 NOTE
r-devel-linux-x86_64-fedora-clang 0.1.1 187.79 NOTE
r-devel-linux-x86_64-fedora-gcc 0.1.1 153.67 NOTE
r-devel-windows-x86_64-new-UL 0.1.1 68.00 85.00 153.00 NOTE
r-patched-linux-x86_64 0.1.1 72.95 41.93 114.88 NOTE
r-release-linux-x86_64 0.1.1 69.92 40.87 110.79 NOTE
r-release-macos-arm64 0.1.1 NOTE
r-release-macos-x86_64 0.1.1 NOTE
r-release-windows-ix86+x86_64 0.1.1 197.00 82.00 279.00 NOTE
r-oldrel-macos-x86_64 0.1.1 OK
r-oldrel-windows-ix86+x86_64 0.1.1 198.00 80.00 278.00 OK

Check Details

Version: 0.1.1
Check: LazyData
Result: NOTE
     'LazyData' is specified without a 'data' directory
Flavors: r-devel-linux-x86_64-debian-clang, r-devel-linux-x86_64-debian-gcc, r-devel-linux-x86_64-fedora-clang, r-devel-linux-x86_64-fedora-gcc, r-devel-windows-x86_64-new-UL, r-patched-linux-x86_64, r-release-linux-x86_64, r-release-macos-arm64, r-release-macos-x86_64, r-release-windows-ix86+x86_64