CRAN Package Check Results for Package FastGP

Last updated on 2022-04-08 01:48:45 CEST.

Flavor Version Tinstall Tcheck Ttotal Status Flags
r-devel-linux-x86_64-debian-clang 1.2 46.44 40.91 87.35 OK
r-devel-linux-x86_64-debian-gcc 1.2 37.47 32.27 69.74 OK
r-devel-linux-x86_64-fedora-clang 1.2 124.84 NOTE
r-devel-linux-x86_64-fedora-gcc 1.2 100.22 NOTE
r-devel-windows-x86_64-new-UL 1.2 40.00 81.00 121.00 OK
r-patched-linux-x86_64 1.2 43.33 39.84 83.17 OK
r-release-linux-x86_64 1.2 37.67 38.62 76.29 OK
r-release-macos-arm64 1.2 NOTE
r-release-macos-x86_64 1.2 NOTE
r-release-windows-ix86+x86_64 1.2 108.00 78.00 186.00 OK
r-oldrel-macos-x86_64 1.2 NOTE
r-oldrel-windows-ix86+x86_64 1.2 108.00 72.00 180.00 OK

Check Details

Version: 1.2
Check: installed package size
Result: NOTE
     installed size is 5.9Mb
     sub-directories of 1Mb or more:
     libs 5.4Mb
Flavors: r-devel-linux-x86_64-fedora-clang, r-release-macos-arm64, r-release-macos-x86_64, r-oldrel-macos-x86_64

Version: 1.2
Check: compiled code
Result: NOTE
    File ‘FastGP/libs/FastGP.so’:
     Found no calls to: ‘R_registerRoutines’, ‘R_useDynamicSymbols’
    
    It is good practice to register native routines and to disable symbol
    search.
    
    See ‘Writing portable packages’ in the ‘Writing R Extensions’ manual.
Flavors: r-devel-linux-x86_64-fedora-clang, r-devel-linux-x86_64-fedora-gcc