CRAN Package Check Results for Package FarmSelect

Last updated on 2022-04-08 01:48:45 CEST.

Flavor Version Tinstall Tcheck Ttotal Status Flags
r-devel-linux-x86_64-debian-clang 1.0.2 43.19 98.86 142.05 NOTE
r-devel-linux-x86_64-debian-gcc 1.0.2 30.88 73.46 104.34 NOTE
r-devel-linux-x86_64-fedora-clang 1.0.2 180.84 NOTE
r-devel-linux-x86_64-fedora-gcc 1.0.2 164.19 NOTE
r-devel-windows-x86_64-new-UL 1.0.2 42.00 140.00 182.00 NOTE
r-patched-linux-x86_64 1.0.2 34.52 93.74 128.26 NOTE
r-release-linux-x86_64 1.0.2 33.01 89.73 122.74 NOTE
r-release-macos-arm64 1.0.2 NOTE
r-release-macos-x86_64 1.0.2 NOTE
r-release-windows-ix86+x86_64 1.0.2 96.00 146.00 242.00 NOTE
r-oldrel-macos-x86_64 1.0.2 OK
r-oldrel-windows-ix86+x86_64 1.0.2 98.00 146.00 244.00 OK

Check Details

Version: 1.0.2
Check: LazyData
Result: NOTE
     'LazyData' is specified without a 'data' directory
Flavors: r-devel-linux-x86_64-debian-clang, r-devel-linux-x86_64-debian-gcc, r-devel-linux-x86_64-fedora-clang, r-devel-linux-x86_64-fedora-gcc, r-devel-windows-x86_64-new-UL, r-patched-linux-x86_64, r-release-linux-x86_64, r-release-macos-arm64, r-release-macos-x86_64, r-release-windows-ix86+x86_64