CRAN Package Check Results for Package FLSSS

Last updated on 2022-04-08 01:48:46 CEST.

Flavor Version Tinstall Tcheck Ttotal Status Flags
r-devel-linux-x86_64-debian-clang 8.6.6 349.25 65.97 415.22 NOTE
r-devel-linux-x86_64-debian-gcc 8.6.6 300.56 52.86 353.42 NOTE
r-devel-linux-x86_64-fedora-clang 8.6.6 608.46 NOTE
r-devel-linux-x86_64-fedora-gcc 8.6.6 558.10 NOTE
r-devel-windows-x86_64-new-UL 8.6.6 238.00 108.00 346.00 NOTE
r-patched-linux-x86_64 8.6.6 303.67 65.03 368.70 NOTE
r-release-linux-x86_64 8.6.6 316.11 64.03 380.14 NOTE
r-release-macos-arm64 8.6.6 NOTE
r-release-macos-x86_64 8.6.6 NOTE
r-release-windows-ix86+x86_64 8.6.6 740.00 122.00 862.00 NOTE
r-oldrel-macos-x86_64 8.6.6 NOTE
r-oldrel-windows-ix86+x86_64 8.6.6 743.00 115.00 858.00 NOTE

Check Details

Version: 8.6.6
Check: LazyData
Result: NOTE
     'LazyData' is specified without a 'data' directory
Flavors: r-devel-linux-x86_64-debian-clang, r-devel-linux-x86_64-debian-gcc, r-devel-linux-x86_64-fedora-clang, r-devel-linux-x86_64-fedora-gcc, r-devel-windows-x86_64-new-UL, r-patched-linux-x86_64, r-release-linux-x86_64, r-release-macos-arm64, r-release-macos-x86_64, r-release-windows-ix86+x86_64

Version: 8.6.6
Check: for GNU extensions in Makefiles
Result: NOTE
    GNU make is a SystemRequirements.
Flavors: r-devel-linux-x86_64-debian-clang, r-devel-linux-x86_64-debian-gcc, r-devel-linux-x86_64-fedora-clang, r-devel-linux-x86_64-fedora-gcc, r-devel-windows-x86_64-new-UL, r-patched-linux-x86_64, r-release-linux-x86_64, r-release-macos-arm64, r-release-macos-x86_64, r-release-windows-ix86+x86_64, r-oldrel-macos-x86_64, r-oldrel-windows-ix86+x86_64

Version: 8.6.6
Check: installed package size
Result: NOTE
     installed size is 18.7Mb
     sub-directories of 1Mb or more:
     libs 18.4Mb
Flavors: r-devel-linux-x86_64-fedora-clang, r-release-macos-arm64, r-release-macos-x86_64, r-release-windows-ix86+x86_64, r-oldrel-macos-x86_64, r-oldrel-windows-ix86+x86_64